1?
False
Is 21 a factor of 36330?
True
Is 2440 a multiple of 37?
False
Is 29955 a multiple of 15?
True
Does 120 divide 3437?
False
Is 1092 a multiple of 7?
True
Is 170 a multiple of 4?
False
Is 5303 a multiple of 218?
False
Does 8 divide 11248?
True
Does 21 divide 4620?
True
Does 14 divide 15876?
True
Is 420 a multiple of 35?
True
Does 14 divide 742?
True
Is 6540 a multiple of 6?
True
Is 25 a factor of 23466?
False
Is 17 a factor of 187?
True
Is 26 a factor of 1135?
False
Is 84 a factor of 840?
True
Does 28 divide 1375?
False
Is 11 a factor of 682?
True
Does 72 divide 21456?
True
Does 58 divide 1320?
False
Is 89935 a multiple of 38?
False
Is 3038 a multiple of 62?
True
Does 42 divide 14154?
True
Is 3654 a multiple of 174?
True
Is 130 a multiple of 13?
True
Does 5 divide 11708?
False
Is 7595 a multiple of 9?
False
Is 133 a multiple of 7?
True
Does 31 divide 969?
False
Is 78 a factor of 40170?
True
Is 17751 a multiple of 183?
True
Does 33 divide 1617?
True
Does 61 divide 74115?
True
Is 7 a factor of 15?
False
Is 44 a factor of 48622?
False
Does 74 divide 148?
True
Is 1989 a multiple of 9?
True
Is 469 a multiple of 2?
False
Does 101 divide 1010?
True
Is 295 a multiple of 59?
True
Is 1245 a multiple of 19?
False
Does 49 divide 19650?
False
Is 45 a factor of 942?
False
Does 43 divide 25628?
True
Does 8 divide 3989?
False
Does 32 divide 1918?
False
Is 1736 a multiple of 14?
True
Is 853 a multiple of 52?
False
Does 4 divide 451?
False
Does 22 divide 71741?
False
Is 12 a factor of 323?
False
Is 541 a multiple of 11?
False
Does 9 divide 34668?
True
Is 6 a factor of 552?
True
Does 27 divide 30675?
False
Is 68 a multiple of 24?
False
Is 3773 a multiple of 152?
False
Does 97 divide 1940?
True
Does 151 divide 1447?
False
Does 48 divide 3003?
False
Is 204 a multiple of 17?
True
Does 15 divide 60?
True
Is 72 a factor of 67895?
False
Does 3 divide 510?
True
Does 35 divide 19530?
True
Is 33756 a multiple of 40?
False
Does 25 divide 61283?
False
Is 37 a factor of 17945?
True
Is 10 a factor of 2788?
False
Is 66 a factor of 1980?
True
Is 319 a multiple of 4?
False
Does 10 divide 204?
False
Is 5460 a multiple of 10?
True
Is 9 a factor of 6322?
False
Is 11115 a multiple of 195?
True
Is 1951 a multiple of 25?
False
Is 8082 a multiple of 18?
True
Does 3 divide 3626?
False
Does 54 divide 1998?
True
Does 12 divide 37198?
False
Is 195 a multiple of 24?
False
Does 111 divide 47488?
False
Is 36 a factor of 1663?
False
Is 719 a multiple of 5?
False
Is 931 a multiple of 7?
True
Is 11 a factor of 5119?
False
Is 52 a factor of 15704?
True
Does 72 divide 5798?
False
Does 11 divide 157?
False
Is 33553 a multiple of 46?
False
Is 59298 a multiple of 15?
False
Is 95 a factor of 8999?
False
Is 11790 a multiple of 62?
False
Is 23636 a multiple of 193?
False
Does 41 divide 123?
True
Does 14 divide 3307?
False
Is 36 a factor of 13608?
True
Is 5954 a multiple of 6?
False
Does 28 divide 5516?
True
Does 6 divide 548?
False
Is 103 even?
False
Is 17 a factor of 146?
False
Is 24638 a multiple of 24?
False
Is 133 a multiple of 3?
False
Does 21 divide 48090?
True
Is 127 a multiple of 61?
False
Is 10 a factor of 88141?
False
Is 416 a multiple of 13?
True
Does 59 divide 1694?
False
Is 24 a factor of 2112?
True
Is 13 a factor of 3952?
True
Is 2686 a multiple of 27?
False
Is 44 a factor of 14841?
False
Is 140 a factor of 7239?
False
Is 14 a factor of 910?
True
Is 23 a factor of 598?
True
Does 48 divide 6672?
True
Does 103 divide 3981?
False
Does 143 divide 8151?
True
Is 3425 a multiple of 10?
False
Is 24 a factor of 1752?
True
Does 21 divide 551?
False
Does 39 divide 663?
True
Does 73 divide 140817?
True
Is 15 a factor of 114?
False
Is 773 a multiple of 3?
False
Is 3304 a multiple of 28?
True
Is 11 a factor of 46904?
True
Is 15 a factor of 30872?
False
Is 829 a multiple of 4?
False
Does 16 divide 6361?
False
Does 28 divide 1000?
False
Does 4 divide 72?
True
Is 22 a factor of 44924?
True
Is 157 a factor of 471?
True
Does 49 divide 20727?
True
Does 15 divide 660?
True
Is 690 a multiple of 30?
True
Does 6 divide 2946?
True
Does 27 divide 22893?
False
Is 476 a multiple of 4?
True
Is 455 a multiple of 6?
False
Does 37 divide 222?
True
Does 65 divide 390?
True
Is 44400 a multiple of 30?
True
Is 6 a factor of 504?
True
Is 36 a factor of 1116?
True
Is 17 a factor of 724?
False
Is 22 a factor of 18041?
False
Does 3 divide 117?
True
Does 32 divide 2322?
False
Does 27 divide 918?
True
Does 14 divide 5180?
True
Is 23830 a multiple of 38?
False
Does 37 divide 62308?
True
Is 13 a factor of 390?
True
Is 6 a factor of 31014?
True
Does 29 divide 4263?
True
Does 21 divide 3026?
False
Is 1638 a multiple of 117?
True
Does 46 divide 26496?
True
Is 3700 a multiple of 25?
True
Does 56 divide 36658?
False
Is 30 a factor of 59940?
True
Is 4 a factor of 32?
True
Is 23 a factor of 924?
False
Does 6 divide 292?
False
Does 96 divide 687?
False
Does 44 divide 1103?
False
Is 5971 a multiple of 14?
False
Does 39 divide 57?
False
Does 21 divide 92064?
True
Is 37 a factor of 311?
False
Is 52 a factor of 594?
False
Is 64192 a multiple of 118?
True
Is 29 a factor of 1303?
False
Does 43 divide 3010?
True
Is 56 a multiple of 2?
True
Is 129 a multiple of 33?
False
Is 13 a factor of 1692?
False
Is 1624 a multiple of 15?
False
Does 11 divide 97?
False
Is 2894 a multiple of 19?
False
Does 28 divide 307?
False
Does 95 divide 1235?
True
Does 34 divide 170?
True
Is 12 a factor of 23712?
True
Is 89 a multiple of 5?
False
Does 42 divide 3192?
True
Is 46988 a multiple of 17?
True
Is 15 a factor of 3043?
False
Does 118 divide 26488?
False
Is 2436 a multiple of 28?
True
Is 11 a factor of 572?
True
Is 56 a multiple of 55?
False
Is 54 a factor of 332?
False
Does 9 divide 493?
False
Is 2187 even?
False
Is 52 a factor of 12980?
False
Is 16 a factor of 11504?
True
Is 6 a factor of 252?
True
Does 47 divide 987?
True
Is 108 a factor of 2591?
False
Is 9 a factor of 558?
True
Is 48112 a multiple of 31?
True
Is 13464 a multiple of 18?
True
Is 34 a factor of 2641?
False
Is 988 a multiple of 13?
True
Is 345 a multiple of 23?
True
Does 102 divide 714?
True
Is 3004 a multiple of 3?
False
Does 43 divide 3529?
False
Is 33807 a multiple of 59?
True
Is 18096 a multiple of 12?
True
Does 27 divide 2728?
False
Is 525 a multiple of 3?
True
Is 50 a factor of 4357?
False
Is 5 a factor of 128?
False
Is 9 a factor of 4479?
False
Does 17 divide 204?
True
Is 50 a factor of 7900?
True
Does 17 divide 3445?
False
Does 3 divide 133?
False
Is 6 a factor of 7826?
False
Is 25 a factor of 17400?
True
Is 63 a factor of 70062?
False
Is 9 a factor of 13239?
True
Does 24 divide 6135?
False
Does 4 divide 130?
False
Is 32 a factor of 67217?
False
Is 13672 a multiple of 55?
False
Does 164 divide 21906?
False
Is 1212 a multiple of 101?
True
Does 73 divide 8979?
True
Is 13 a factor of 2813?
False
Is 36 a factor of 9295?
False
Is 7364 a multiple of 50?
False
Is 88 a factor of 14608?
True
Does 39 divide 1674?
False
Does 8 divide 1320?
True
Is 3045 a multiple of 15?
True
Is 21 a factor of 2478?
True
Is 67 a factor of 2907?
False
Does 24 divide 4944?
True
Does 64 divide 4608?
True
Is 9 a factor of 10665?
True
Is 51 a multiple of 2?
False
Does 10 divide 1200?
True
Is 1366 a multiple of 5?
False
Is 5075 a multiple of 17?
False
Does 141 divide 16215?
True
Is 16 a factor of 320?
True
Is 9492 a multiple of 3?
True
Is 62 a factor of 1998?
False
Is 44 a factor of 1496?
True
Does 31 divide 730?
False
Is 317 a multiple of 6?
False
Is 67625 a multiple of 8?
False
Is 40 a factor of 561?
False
Does 8 divide 54738?
False
Does 73 divide 2847?
True
Does 9 divide 656?
False
Is 363 a multiple of 33?
True
Is 26 a factor of 3202?
False
Is 6 a factor of 516?
True
Does 17 divide 786?
False
Is 203 a multiple of 7?
True
Does 40 divide 760?
True
Does 56 divide 392?
True
Is 46 a factor of 2576?
True
Does 86 divide 5464?
False
Does 90 divide 11430?
True
Is 2 a factor of 208?
True
Does 4 divide 1515?
False
Is 13 a factor of 169?
True
Does 12 divide 384?
True
Does 82 divide 1423?
False
Is 21 a factor of 119?
False
Does 17 divide 8622?
False
Is 46 a factor of 244?
False
Is 410 a factor of 70930?
True
Is 4 a factor of 3005?
False
Does 22 divide 6072?
True
Is 14729 a multiple of 15?
False
Does 52 divide 29848?
True
Doe